[INFO] cloning repository https://github.com/alec-deason/NaNoGenMo-2018
[INFO] running `Command { std: "git" "-c" "credential.helper=" "-c" "credential.helper=/workspace/cargo-home/bin/git-credential-null" "clone" "--bare" "https://github.com/alec-deason/NaNoGenMo-2018" "/workspace/cache/git-repos/https%3A%2F%2Fgithub.com%2Falec-deason%2FNaNoGenMo-2018", kill_on_drop: false }`
[INFO] [stderr] Cloning into bare repository '/workspace/cache/git-repos/https%3A%2F%2Fgithub.com%2Falec-deason%2FNaNoGenMo-2018'...
[INFO] running `Command { std: "git" "rev-parse" "HEAD", kill_on_drop: false }`
[INFO] [stdout] a64b75f063067d6ce8b88d3141c3f12ef4aacfc1
[INFO] checking alec-deason/NaNoGenMo-2018 against master#9610dfe5a9a731ced1ea4923ecbd0c57fe367898 for beta-170-4
[INFO] running `Command { std: "git" "clone" "/workspace/cache/git-repos/https%3A%2F%2Fgithub.com%2Falec-deason%2FNaNoGenMo-2018" "/workspace/builds/worker-0-tc1/source", kill_on_drop: false }`
[INFO] [stderr] Cloning into '/workspace/builds/worker-0-tc1/source'...
[INFO] [stderr] done.
[INFO] validating manifest of git repo https://github.com/alec-deason/NaNoGenMo-2018 on toolchain 9610dfe5a9a731ced1ea4923ecbd0c57fe367898
[INFO] running `Command { std: CARGO_HOME="/workspace/cargo-home" RUSTUP_HOME="/workspace/rustup-home" "/workspace/cargo-home/bin/cargo" "+9610dfe5a9a731ced1ea4923ecbd0c57fe367898" "metadata" "--manifest-path" "Cargo.toml" "--no-deps", kill_on_drop: false }`
[INFO] started tweaking git repo https://github.com/alec-deason/NaNoGenMo-2018
[INFO] finished tweaking git repo https://github.com/alec-deason/NaNoGenMo-2018
[INFO] tweaked toml for git repo https://github.com/alec-deason/NaNoGenMo-2018 written to /workspace/builds/worker-0-tc1/source/Cargo.toml
[INFO] crate git repo https://github.com/alec-deason/NaNoGenMo-2018 already has a lockfile, it will not be regenerated
[INFO] running `Command { std: CARGO_HOME="/workspace/cargo-home" RUSTUP_HOME="/workspace/rustup-home" "/workspace/cargo-home/bin/cargo" "+9610dfe5a9a731ced1ea4923ecbd0c57fe367898" "fetch" "--manifest-path" "Cargo.toml", kill_on_drop: false }`
[INFO] [stderr]  Downloading crates ...
[INFO] [stderr]   Downloaded rand_isaac v0.1.0
[INFO] [stderr]   Downloaded rand v0.6.0-pre.1
[INFO] running `Command { std: "docker" "create" "-v" "/var/lib/crater-agent-workspace/builds/worker-0-tc1/target:/opt/rustwide/target:rw,Z" "-v" "/var/lib/crater-agent-workspace/builds/worker-0-tc1/source:/opt/rustwide/workdir:ro,Z" "-v" "/var/lib/crater-agent-workspace/cargo-home:/opt/rustwide/cargo-home:ro,Z" "-v" "/var/lib/crater-agent-workspace/rustup-home:/opt/rustwide/rustup-home:ro,Z" "-e" "SOURCE_DIR=/opt/rustwide/workdir" "-e" "CARGO_TARGET_DIR=/opt/rustwide/target" "-e" "CARGO_HOME=/opt/rustwide/cargo-home" "-e" "RUSTUP_HOME=/opt/rustwide/rustup-home" "-w" "/opt/rustwide/workdir" "-m" "1610612736" "--user" "0:0" "--network" "none" "ghcr.io/rust-lang/crates-build-env/linux@sha256:19e73879b68f455e41552ea35293514db52ea292d993f571636dbffedb77a1ee" "/opt/rustwide/cargo-home/bin/cargo" "+9610dfe5a9a731ced1ea4923ecbd0c57fe367898" "metadata" "--no-deps" "--format-version=1", kill_on_drop: false }`
[INFO] [stdout] 9085bb96d8950003bf9749670f7a79739d05e7a9e9c69916730fcc94db7d40ee
[INFO] running `Command { std: "docker" "start" "-a" "9085bb96d8950003bf9749670f7a79739d05e7a9e9c69916730fcc94db7d40ee", kill_on_drop: false }`
[INFO] running `Command { std: "docker" "inspect" "9085bb96d8950003bf9749670f7a79739d05e7a9e9c69916730fcc94db7d40ee", kill_on_drop: false }`
[INFO] running `Command { std: "docker" "rm" "-f" "9085bb96d8950003bf9749670f7a79739d05e7a9e9c69916730fcc94db7d40ee", kill_on_drop: false }`
[INFO] [stdout] 9085bb96d8950003bf9749670f7a79739d05e7a9e9c69916730fcc94db7d40ee
[INFO] running `Command { std: "docker" "create" "-v" "/var/lib/crater-agent-workspace/builds/worker-0-tc1/target:/opt/rustwide/target:rw,Z" "-v" "/var/lib/crater-agent-workspace/builds/worker-0-tc1/source:/opt/rustwide/workdir:ro,Z" "-v" "/var/lib/crater-agent-workspace/cargo-home:/opt/rustwide/cargo-home:ro,Z" "-v" "/var/lib/crater-agent-workspace/rustup-home:/opt/rustwide/rustup-home:ro,Z" "-e" "SOURCE_DIR=/opt/rustwide/workdir" "-e" "CARGO_TARGET_DIR=/opt/rustwide/target" "-e" "CARGO_INCREMENTAL=0" "-e" "RUST_BACKTRACE=full" "-e" "RUSTFLAGS=--cap-lints=forbid" "-e" "RUSTDOCFLAGS=--cap-lints=forbid" "-e" "CARGO_HOME=/opt/rustwide/cargo-home" "-e" "RUSTUP_HOME=/opt/rustwide/rustup-home" "-w" "/opt/rustwide/workdir" "-m" "1610612736" "--user" "0:0" "--network" "none" "ghcr.io/rust-lang/crates-build-env/linux@sha256:19e73879b68f455e41552ea35293514db52ea292d993f571636dbffedb77a1ee" "/opt/rustwide/cargo-home/bin/cargo" "+9610dfe5a9a731ced1ea4923ecbd0c57fe367898" "check" "--frozen" "--all" "--all-targets" "--message-format=json", kill_on_drop: false }`
[INFO] [stdout] cf3a5fe66e52a9467b6c051e31d1331acfa82361eea56aec12474ada36723165
[INFO] running `Command { std: "docker" "start" "-a" "cf3a5fe66e52a9467b6c051e31d1331acfa82361eea56aec12474ada36723165", kill_on_drop: false }`
[INFO] [stderr]    Compiling semver-parser v0.7.0
[INFO] [stderr]     Checking rand_core v0.3.0
[INFO] [stderr]     Checking dot v0.1.4
[INFO] [stderr]    Compiling semver v0.9.0
[INFO] [stderr]     Checking rand_xorshift v0.1.0
[INFO] [stderr]     Checking rand_isaac v0.1.0
[INFO] [stderr]     Checking rand_hc v0.1.0
[INFO] [stderr]    Compiling rustc_version v0.2.3
[INFO] [stderr]    Compiling rand_pcg v0.1.1
[INFO] [stderr]    Compiling rand_chacha v0.1.0
[INFO] [stderr]    Compiling rand v0.6.0-pre.1
[INFO] [stderr]     Checking nanogenmo_2018 v0.1.0 (/opt/rustwide/workdir)
[INFO] [stdout] warning: unused import: `std::collections::hash_map::Entry`
[INFO] [stdout]  --> src/agent/daemons.rs:2:5
[INFO] [stdout]   |
[INFO] [stdout] 2 | use std::collections::hash_map::Entry;
[INFO] [stdout]   |     ^^^^^^^^^^^^^^^^^^^^^^^^^^^^^^^^^
[INFO] [stdout]   |
[INFO] [stdout]   = note: `#[warn(unused_imports)]` on by default
[INFO] [stdout] 
[INFO] [stdout] 
[INFO] [stdout] warning: unused import: `rand::seq::IteratorRandom`
[INFO] [stdout]  --> src/agent/mod.rs:7:5
[INFO] [stdout]   |
[INFO] [stdout] 7 | use rand::seq::IteratorRandom;
[INFO] [stdout]   |     ^^^^^^^^^^^^^^^^^^^^^^^^^
[INFO] [stdout] 
[INFO] [stdout] 
[INFO] [stdout] error[E0635]: unknown feature `vec_remove_item`
[INFO] [stdout]  --> src/lib.rs:1:12
[INFO] [stdout]   |
[INFO] [stdout] 1 | #![feature(vec_remove_item)]
[INFO] [stdout]   |            ^^^^^^^^^^^^^^^
[INFO] [stdout] 
[INFO] [stdout] 
[INFO] [stdout] warning: unused import: `std::collections::hash_map::Entry`
[INFO] [stdout]  --> src/agent/daemons.rs:2:5
[INFO] [stdout]   |
[INFO] [stdout] 2 | use std::collections::hash_map::Entry;
[INFO] [stdout]   |     ^^^^^^^^^^^^^^^^^^^^^^^^^^^^^^^^^
[INFO] [stdout]   |
[INFO] [stdout]   = note: `#[warn(unused_imports)]` on by default
[INFO] [stdout] 
[INFO] [stdout] 
[INFO] [stdout] warning: unused import: `rand::seq::IteratorRandom`
[INFO] [stdout]  --> src/agent/mod.rs:7:5
[INFO] [stdout]   |
[INFO] [stdout] 7 | use rand::seq::IteratorRandom;
[INFO] [stdout]   |     ^^^^^^^^^^^^^^^^^^^^^^^^^
[INFO] [stdout] 
[INFO] [stdout] 
[INFO] [stdout] error[E0635]: unknown feature `vec_remove_item`
[INFO] [stdout]  --> src/lib.rs:1:12
[INFO] [stdout]   |
[INFO] [stdout] 1 | #![feature(vec_remove_item)]
[INFO] [stdout]   |            ^^^^^^^^^^^^^^^
[INFO] [stdout] 
[INFO] [stdout] 
[INFO] [stdout] error[E0599]: no method named `remove_item` found for struct `Vec<usize>` in the current scope
[INFO] [stdout]   --> src/agent/events.rs:16:44
[INFO] [stdout]    |
[INFO] [stdout] 16 |         world.locations[self.start].agents.remove_item(&self.agent);
[INFO] [stdout]    |                                            ^^^^^^^^^^^ help: there is a method with a similar name: `remove`
[INFO] [stdout] 
[INFO] [stdout] 
[INFO] [stdout] error[E0599]: no method named `remove_item` found for struct `Vec<usize>` in the current scope
[INFO] [stdout]   --> src/agent/events.rs:16:44
[INFO] [stdout]    |
[INFO] [stdout] 16 |         world.locations[self.start].agents.remove_item(&self.agent);
[INFO] [stdout]    |                                            ^^^^^^^^^^^ help: there is a method with a similar name: `remove`
[INFO] [stdout] 
[INFO] [stdout] 
[INFO] [stdout] error[E0599]: no method named `remove_item` found for struct `Vec<usize>` in the current scope
[INFO] [stdout]    --> src/lib.rs:162:23
[INFO] [stdout]     |
[INFO] [stdout] 162 |         the_greenwood.remove_item(&seed);
[INFO] [stdout]     |                       ^^^^^^^^^^^ help: there is a method with a similar name: `remove`
[INFO] [stdout] 
[INFO] [stdout] 
[INFO] [stdout] error[E0599]: no method named `remove_item` found for struct `Vec<usize>` in the current scope
[INFO] [stdout]    --> src/lib.rs:162:23
[INFO] [stdout]     |
[INFO] [stdout] 162 |         the_greenwood.remove_item(&seed);
[INFO] [stdout]     |                       ^^^^^^^^^^^ help: there is a method with a similar name: `remove`
[INFO] [stdout] 
[INFO] [stdout] 
[INFO] [stdout] warning: unused import: `rand::seq::IteratorRandom`
[INFO] [stdout]  --> src/lib.rs:6:5
[INFO] [stdout]   |
[INFO] [stdout] 6 | use rand::seq::IteratorRandom;
[INFO] [stdout]   |     ^^^^^^^^^^^^^^^^^^^^^^^^^
[INFO] [stdout] 
[INFO] [stdout] 
[INFO] [stdout] error: aborting due to 3 previous errors; 3 warnings emitted
[INFO] [stdout] 
[INFO] [stdout] 
[INFO] [stdout] Some errors have detailed explanations: E0599, E0635.
[INFO] [stdout] 
[INFO] [stdout] For more information about an error, try `rustc --explain E0599`.
[INFO] [stdout] 
[INFO] [stdout] warning: unused import: `rand::seq::IteratorRandom`
[INFO] [stdout]  --> src/lib.rs:6:5
[INFO] [stdout]   |
[INFO] [stdout] 6 | use rand::seq::IteratorRandom;
[INFO] [stdout]   |     ^^^^^^^^^^^^^^^^^^^^^^^^^
[INFO] [stdout] 
[INFO] [stdout] 
[INFO] [stdout] error: aborting due to 3 previous errors; 3 warnings emitted
[INFO] [stdout] 
[INFO] [stdout] 
[INFO] [stderr] error: could not compile `nanogenmo_2018` (lib) due to 4 previous errors; 3 warnings emitted
[INFO] [stderr] warning: build failed, waiting for other jobs to finish...
[INFO] [stdout] Some errors have detailed explanations: E0599, E0635.
[INFO] [stdout] 
[INFO] [stdout] For more information about an error, try `rustc --explain E0599`.
[INFO] [stdout] 
[INFO] [stderr] error: could not compile `nanogenmo_2018` (lib test) due to 4 previous errors; 3 warnings emitted
[INFO] running `Command { std: "docker" "inspect" "cf3a5fe66e52a9467b6c051e31d1331acfa82361eea56aec12474ada36723165", kill_on_drop: false }`
[INFO] running `Command { std: "docker" "rm" "-f" "cf3a5fe66e52a9467b6c051e31d1331acfa82361eea56aec12474ada36723165", kill_on_drop: false }`
[INFO] [stdout] cf3a5fe66e52a9467b6c051e31d1331acfa82361eea56aec12474ada36723165
